 + -7 + -17 + 10?
-6
Calculate 2 - (0 - -15 - 3).
-10
Evaluate -2 + (-2 + (4 - 0) - 1).
-1
-1 - -1 - (32 + -26) - 0
-6
What is the value of -2 - -5 - (4 - 6)?
5
Evaluate 4 + (-4 - (3 - (8 - 1))).
4
Calculate -2 - (-9 - 1 - (-103 - -104)).
9
-4 + (0 + -3 - -11) - 4
0
Calculate 7 + (-4 - (3 + -5)).
5
What is 4 + -9 + 3 - -3?
1
Evaluate 14 + -7 + -5 + 5.
7
Evaluate (-10 - -12) + 7 - 9.
0
What is 6 + (-2 - 0) - 3?
1
Evaluate 5 - 4 - (4 - (4 + -3)).
-2
Evaluate -13 + 14 + (1 - 1) + -2.
-1
Calculate (-6 - (-6 + 3)) + 6 + 1.
4
Calculate (-13 - -3 - -3) + 11.
4
What is the value of 68 - 63 - (0 - -5)?
0
What is the value of 1 - -5 - (2 + 2 + 1)?
1
Calculate -2 - (-7 + 5 + (-3 - -1)).
2
What is the value of -3 - ((3 - 0) + -4)?
-2
Evaluate -32 - -24 - (0 - 4).
-4
What is the value of -10 - ((-4 - 5) + 3)?
-4
-2 + -9 + 12 + -11
-10
Calculate -1 - 4 - (-11 - -12 - 2).
-4
Calculate (0 - 3) + (3 - 1).
-1
What is the value of -1 + 8 + -6 + -9?
-8
What is the value of 2 - 3 - -2 - 0?
1
Calculate -4 - -2 - (-1 - 0).
-1
Evaluate 8 + -5 + (-9 + 4 - -3).
1
-9 + 6 + (-1 - -5)
1
Evaluate -1 - (13 + -4) - -5.
-5
-6 - -8 - (0 + (1 - -5))
-4
What is -4 - -1 - -2 - (0 - -3)?
-4
Calculate (2 - 2) + (3 - 0).
3
-1 + -2 + 3 - (4 - 4)
0
Calculate 5 - 1 - (1 + 6) - -4.
1
9 - 12 - -3 - 1
-1
Evaluate 12 - 21 - 10 - -12.
-7
Evaluate 20 + -26 - (-12 - 0) - 16.
-10
What is the value of (77 - 81) + 6 + 0?
2
What is the value of 9 + -3 + -3 - (0 + 2)?
1
-14 + 20 + 0 + -8 - -6
4
What is -8 + 6 - (0 + -7)?
5
3 + 0 - (55 - 45) - -1
-6
Calculate (0 - 0) + (21 - 19).
2
What is -4 + 6 + -5 + 3?
0
What is the value of -1 + 3 - (-7 - (-7 + 1))?
3
Calculate -1 + 5 - 7 - -1.
-2
What is the value of 11 + -10 + (0 - -2)?
3
What is -4 + 6 + 8 + -17?
-7
What is 3 - (-7 - (1 - 7))?
4
What is the value of -1 - -5 - (-19 + 24)?
-1
Calculate -12 + (14 - 7) - (1 - -1).
-7
What is (-5 - (-4 + 2)) + (64 - 64)?
-3
(-1 - 2) + (29 + -19 - 11)
-4
What is the value of -6 - (-4 + 1 - -5 - 3)?
-5
(48 - 48) + (0 - 0)
0
What is the value of (-1 - (-4 + 10)) + 5?
-2
Calculate -4 - (-3 + -2) - (-1 + 0).
2
3 + (-7 - 1) - -2
-3
What is the value of -11 + 0 + 4 - (-2 + 0)?
-5
What is the value of -1 + 4 + (7 - 4) - 1?
5
What is 2 + (2 - (-4 + 4)) + -3?
1
What is the value of (-3 - -2) + (-9 - 1) + 6?
-5
What is the value of (12 - 12) + (-1 + 1 - 0)?
0
(0 - 4) + 0 + 0
-4
What is the value of 4 + -1 + (2 - (8 - 12))?
9
Evaluate 14 + -15 + -2 + 2 + -2.
-3
Evaluate 3 - (7 - (6 + -5)).
-3
1 + (-1 - (-6 - 1) - -1)
8
What is 1 + -1 - (-10 + 8)?
2
-5 - ((4 - 12) + 1)
2
What is (-13 - -1) + (45 - 32)?
1
What is the value of 3 + 10 + (-7 - -5)?
11
What is the value of -5 + 0 + 8 + 1?
4
Calculate 3 + 5 - ((3 - 1) + 2).
4
Calculate -4 + 6 + (-4 + -3 - -3).
-2
Calculate 10 + (-6 - (-7 - -5)).
6
Evaluate -10 + 0 + 6 + -1 - 0.
-5
Calculate -8 + 6 + 11 - 5.
4
-3 + 2 + -1 + (-7 - 0)
-9
Evaluate (1 - -9) + (-27 - -9).
-8
Evaluate (0 - 0) + 0 + 10 + -8.
2
Evaluate 14 - 2 - (-3 + 4 + 4).
7
-4 - (-1 + 4 - (-10 + 19))
2
-5 + 9 + -6 - -6 - 8
-4
What is 3 - (-1 + (1 - 0))?
3
What is the value of -1 + 5 + 12 + -2 + -8?
6
Evaluate 1 + -4 - (-12 - (12 + -17)).
4
-5 + 11 - -1 - 4
3
Evaluate -5 - ((-3 - (4 + -5)) + 0).
-3
Calculate (2 - (3 - 2)) + 4.
5
What is -4 - (4 + -9 + 2)?
-1
Evaluate -2 + (2 - (-3 - -7)).
-4
What is the value of -4 - (1 + -2 - 3 - -4)?
-4
(-5 - -3) + 4 + -5
-3
What is the value of 3 + -3 + -6 - (50 - 60)?
4
Evaluate 1 + -2 - (-4 + -3 - -6).
0
-14 - -19 - (-1 - -2)
4
Calculate 6 + 1 + -1 + -1.
5
Calculate 0 - 6 - -2 - (10 - 14).
0
What is 5 + 9 + -24 + 4 + 1?
-5
What is (1 + -1 - 7) + (1 - -1)?
-5
What is -2 - (1 - ((-5 - 2) + 9))?
-1
Calculate 3 + (-4 - -3) - -1.
3
What is -36 + 30 + (3 - -1) + 3?
1
Calculate -2 + 10 + -8 + -4.
-4
Evaluate -3 - (-17 + 7) - 4.
3
Evaluate 1 + -5 - (-6 - (-2 + 5)).
5
Evaluate -3 + 2 - (-1 + 0).
0
What is the value of (8 + 0 - 2) + -5?
1
(-4 - 0 - (14 + -19)) + -5
-4
Calculate 31 + -34 + 8 + 0.
5
(7 - (-1 + 11)) + 5
2
-5 - ((2 - 3) + -2 + 0)
-2
What is the value of (10 - (-1 + 8)) + -4?
-1
What is -1 + 6 + (-2 - 5)?
-2
Evaluate -1 + 4 - -3 - 2 - 8.
-4
(-1 - 0) + 6 + -8 + 4
1
4 + (-7 - (-3 - 0))
0
1 + -5 + -1 + 9
4
What is the value of -3 + (-23 - -18) + (0 - 1)?
-9
What is -8 - (3 - 12 - 0)?
1
What is -2 + (-7 - (3 - 7)) + 10?
5
-3 - (9 - 6) - -12
6
Calculate 0 - -4 - (5 - (1 + 1)).
1
7 + -11 - (-1 - -1 - 0)
-4
Evaluate -1 - (2 - (-1 - -15)).
11
Calculate (-6 - -7) + -5 + 5 + 3.
4
What is -9 - -16 - (9 - 5)?
3
Evaluate (-10 - (1 - 3 - 2)) + 2.
-4
-8 - (-3 - 8) - 5
-2
(4 + 3 - -1) + -7 + -6
-5
6 + (-13 - -2) - (2 + -4)
-3
-2 + (2 - -2) + (-15 - -10)
-3
(8 - (-19 + 7)) + -14
6
Calculate 4 + -5 + -3 + (4 - 8).
-8
Evaluate 9 + 0 + -11 + 7.
5
What is the value of -1 + -11 + 6 + 2?
-4
What is -5 - -6 - 19 - -6 - -5?
-7
What is 6 - (1 + -3) - (-143 - -158)?
-7
Calculate -3 - -1 - (4 - (1 + 0)).
-5
What is the value of (-6 - -3) + 3 - 4?
-4
What is 0 - -3 - ((-15 - -10) + 6)?
2
What is -11 + 9 + -10 + 3?
-9
What is -7 + 11 - (-1 - 0)?
5
What is -3 + (10 - (8 + 0))?
-1
Evaluate 3 - 5 - (-3 - 0).
1
What is -4 - -4 - (-1 + 2)?
-1
(-9 - 1) + 12 - 2
0
4 - (3 + (-1 - 0) + -2)
4
What is the value of (1 - (-2 + 8)) + 8?
3
Calculate -3 - ((2 + -3 - 3) + -3).
4
(4 - -8 - 7) + 3 - -2
10
Evaluate -4 + 4 + 6 + -1.
5
(-2 - (2 - 2)) + (9 - 10)
-3
What is 13 + 0 + -6 - -9 - 8?
8
Evaluate 51 + -59 - (-2 - (3 - 2)).
-5
Evaluate (7 - 1 - 8 - 6) + 3.
-5
What is (0 - -5) + -4 + 9 + -1?
9
Calculate 4 + 0 - 5 - (-1 + -2).
2
16 + (-4 - -5) + -10
7
What is 0 + (2 - 8) + 8?
2
Calculate 16 + -4 + -13 - (-1 - -1).
-1
Evaluate (-5 - 2 - -4) + (1 - 4).
-6
Calculate (1 - -1) + -4 + -1 - 1.
-4
Evaluate 5 + (8 - (8 - (4 - 4))).
5
What is the value of 1 + -5 + -5 + 10 + -3?
-2
What is the value of (1 + -10 + 5 - -9) + -1?
4
What is the value of (-6 - -10 - -2) + (4 - 6)?
4
4 + 5 - 13 - -8
4
Calculate 3 - -4 - ((0 - 3) + 5).
5
Evaluate -4 - (-8 - (5 + 0 + -5)).
4
Evaluate 9 + (-10 + -3 + 12 - -1).
9
What is -6 - (-6 + 5 + -9) - 3?
1
(1 + 0 - 6) + -48 + 52
-1
What is the value of -1 + 1 - (-6 + 4 + 6)?
-4
What is the value of -12 - (4 - (14 + 1) - -8)?
-9
What is (-12 - -11 - 3) + 3 + 0?
-1
Calculate 2 + 4 + -6 - 1 - 6.
-7
What is 8 + (-3 - 2) - -1?
4
What is the value of -1 + -5 + 3 - -4?
1
Calculate (5 - 6 - -8) + -3.
4
1 + (8 - 5) + -4 + -3
-3
0 - (6 - 5 - -2) - 5
-8
What is the value of -5 - (4 - (10 - -1))?
2
-1 + -6 - ((3 - 28) + 9)
9
Evaluate 1 + -11 + 6 + 1.
-3
What is -2 + 4 + 5 - 17?
-10
Evaluate (0 - (0 - 1)) + (-11 - -6).
-4
Calculate -4 - -1 - (9 - 7) - -5.
0
Calculate 13 + -5 + -4 + -5 + -4.
-5
3 - 4 - (-5 + 7)
-3
What is the value of -1 - (0 - 8) - (3 + -3)?
7
What is the value of -15 + 3 - (-25 + 15)?
-2
What is (4 - 2) + -1 - 3?
-2
Calculate (14 - 23) + 8 + 5.
4
What is (5 - 7 - (2 + -4)) + -4?
-4
What is the value of 0 + -1 + 4 + 4 + -4?
3
Evaluate -3 + (-1 - -4) + (-3 - 0).
-3
What is -21 + 22 - -6 - (0 - -2)?
5
What is the value of -2 - -1 - (12 + -18) - 3?
2
(2 + -2 + 7 - -1) + -8
0
What is the value of 10 + -5 - (4 + 3) - -3?
1
What is 12 + -17 - (-1 - 2)?
-2
Evaluate (10 + -1 - 2) + (0 - 2).
5
1 + -5 + (61 - 55)
2
1 + (-6 - -5 - (2 + -1))
-1
What is (-6 - (-4 - (1 - 6))) + 6?
-1
(-4 - -17) + 0 - (-10 + 16)
7
What is (-12 - -19) + -7 + 0 + -4?
-4
Calculate 2 + (0 - 8) + 8.
2
What is the value of 12 + -9 + 3 - (4 + -2)?
4
-15 + 3 + -4 + 10
-6
Evaluate -1 + 1 - (6 + -3) - 2.
-5
Calculate -8 - (3 - (4 - -2)).
-5
What is the value of -7 + 5 + -5 + (6 - 1)?
-2
What is -3 + 3 + -4 + -1 + 0?
-5
What is the value of (0 - 1) + 57 + -60?
-4
(-4 - -9) + -7 - (-2 + -2)
2
7 + -3 - 5 - (-1 + -5)
5
Calculate -15 - -37 - 12 - 14.
-4
What is 4 + (1 - (3 - 2))?
4
Calculate (3 - -2) + -10 - (-4 + 1).
-2
What is the value of -10 - (3 - 10 - 2)?
-1
Evaluate (-15 - -6) + 2 + 6.
-1
Calculate 2 + 4 + -10 + (-4 - -5).
-3
0 + (-2 - -8) - (0 - -1)
5
What is the value of 7 + (14 - 8) + -15?
-2
-8 + 7 - (1 + 2 - 1)
-3
-2 - (2 + -4 + 2)
-2
What is (3 - (-2 - -2)) + (-24 - -21)?
0
Evaluate 1 + -1 + 1 + -1 + 2.
2
What is -5 + -1 + 5 + 8?
7
Evaluate (4 - 5) + 1 + -4 - -5.
1
Evaluate 4 + (-6 - (3 - 8) - 3).
0
(0 - 2) + 53 + -58
-7
Evaluate -4 - (-5 + -1 - -2).
0
What is the value of -5 + (-8 - (4 + -16))?
-1
What is (-10 - -5) + 1 - -4?
0
E